(5 + 5))
32
What is the value of 44 - 1 - (700 + -652)?
-5
Calculate -19 + 57 + (-28 - (-17 - -11)).
16
(-1 - -5 - 11) + (-439 + 425 - (2 - 51))
28
Calculate -41 + 71 + 36 + -106.
-40
-58 + (-21 - -57) + 22 + 98
98
0 + (-4 - ((-21 - -34) + 7)) + 105
81
What is 8 - (-18 + 26) - (12 - -27)?
-39
What is the value of 4 + -54 + 36 + 39?
25
Calculate (-1111 - -1115) + (15 - 0) + -13.
6
-34 + 11 + (-2 + 1 - (-53 - (-83 - -27)))
-27
What is the value of -28386 - -28453 - (3 + 0 + (-3 - -2 - -1))?
64
What is the value of 3 + 2 + (107 - 166 - -64)?
10
24 - (-26 + -28 - (-13 - 15))
50
What is 169 - (146 + -88 + 64)?
47
What is the value of -1 - 1 - (23 + -2 + (263 - 218) + -14)?
-54
Evaluate 2 - -27 - (-2 - -18 - (63 + -58)).
18
Calculate -27 + (-6 + -1 + 19 + -6 - 4).
-25
What is the value of -82 + (-6 + -6 + 22 - 7 - -9 - 5)?
-75
0 + -39 + -12 + (56 - 21) + -20
-36
(-5 - (10 - ((-5 - -9) + 0 + 4))) + 3
-4
Evaluate (1251 + -1145 - (12 - (0 - (5 + -2)))) + -5.
86
1 + -6 + (-8 - -1) + 30 - (7 - 13)
24
Evaluate (1 - -8 - (13 + (13 - (7 - -8)))) + -23.
-25
Calculate -21 - (6 + -27 - -6) - (39 + -2).
-43
Calculate 26 + -86 + 24 - 14.
-50
Evaluate (210 - 172) + (2 - 60) + 2.
-18
What is the value of 3 - (-65 - -109 - (3 + -15 - 2))?
-55
(3 + -22 - (-67 - -69)) + 30
9
What is (162 - 120) + -75 + -29?
-62
What is 1 - (-59 - -43 - -12)?
5
Calculate -1 - -18 - (-24414 + 24317).
114
-22 - ((14 - 16) + -40 - 22)
42
Evaluate -55 + -61 + -11 + 117.
-10
Calculate (-10 + 62 - 84) + (-14 - 0).
-46
-5 - 1 - (-28 - -34 - (-9 - -19))
-2
Evaluate 5001 + -5008 + 11 + 1.
5
What is 0 - (-13 + 15 + -63) - (-13 - -20)?
54
Calculate 15 - -3 - (52 - (60 - 4)).
22
Evaluate 0 + 3 + 4 - ((-25 - -51) + -5 - 101).
87
-15 + (59 + -42 - -64)
66
Calculate (67 - 40) + -65 + 22.
-16
What is -105 - (0 + -55 + -51)?
1
-20 - (-63 + (-29 - -130))
-58
Calculate -356 - -358 - (5 - 5 - (-23 - -2 - -1)).
-18
Calculate 7 + -7 + 1 + -12 + 8 - -17.
14
Calculate (3708 - 3784) + (6 - -195).
125
Calculate (-37 - (11 - 23 - -28)) + (-4 - -16).
-41
(31 - (51 - -49)) + 35
-34
Calculate -2 - (-1 + 0) - (-52 + 55) - 25.
-29
Calculate 16 - ((17 - 11) + 3) - (-12 + 1).
18
23 + -28 + -14 + 0 + 51
32
What is (-2 - ((-4 - -12 - 2) + -14)) + (-109 - -116)?
13
What is the value of 15 + -21 + 15 + -18 + 29?
20
What is the value of -21 - -3 - (-486 - -478)?
-10
What is the value of 0 + 5 + 1 - (1798 - 1778)?
-14
Calculate (15400 - 15412) + (101 - 1 - 1).
87
-1 + (12 - ((15 - -8) + -8 + -4 + -2))
2
62 + -14 + -70 + 15
-7
Calculate (1 - 1 - 42 - (69 + -70) - 8) + 9.
-40
Evaluate (-54 - 0) + (13 + 2 + -32 - (0 + -15)).
-56
Evaluate -67 - (-1 - -7 - -6 - (11 + 10 + 2)).
-56
Calculate (154 - 105) + -11 - 61.
-23
What is 49 - (-39 - (-91 - -51) - (1 - 8))?
41
What is the value of -48 + -10 + 1 + (1106 - 1092)?
-43
56 - (7 - (23 - 31))
41
What is 2 + ((124 - 115) + -9 + -1 + 1 - -10)?
12
What is the value of (-108 - (-106 + -13)) + -57?
-46
Calculate 0 - 2 - (-450 - -441 - (9 - 1)).
15
Calculate (-415 - -450) + 0 + -25 + (1 - 22).
-11
Evaluate 12 + 1 - (-36 + 17 + 2 + 17) - 25.
-12
What is the value of (-2 - 2) + (-11 + -12 - -41) + -19?
-5
16 - (2 + (26 - 14) - 8) - 28
-18
What is 7 + (-97 - -15) - -185?
110
What is -140 + -21 - (104 - 167)?
-98
Evaluate -88 + (72 - (106 + -2)).
-120
What is -10 - (5 - (-5 - -15) - -6) - 6?
-17
Calculate 18 - (21 - 7 - -2) - (-6 + 2) - 6.
0
Calculate (9 - -4) + ((5 - 9 - 1) + 3 - 60).
-49
Calculate 31 - ((28 - -33) + -86).
56
Evaluate -3 + -23 - (197 - 226) - -80.
83
What is the value of -1 - 22 - (-64 + 55 + 23)?
-37
-84 - (-160 + (62 - 23))
37
Calculate 14 + 6 + -8 - (7 - (-43 + 0)).
-38
-175 + 39 + 24 + -24 + 7
-129
Evaluate (-35 - (16 - 43)) + (25 - (0 - 3) - 4).
16
25 - (28 + -42 + -13 + 11)
41
What is (-11 - (-26 - 9)) + 13 - 10?
27
-14 + 2 - (35 - (-31 - -47))
-31
What is the value of (-13 - (-29 - -9) - (-41 - (-2 - -2))) + 0?
48
(-44 - ((-32 - -22) + 57)) + 39
-52
What is -2775 - -2701 - ((7 - 7) + (1 - 5))?
-70
Calculate -20 - ((-34 - -66) + -13 - (-1 + -40)).
-80
Calculate -10 + (-15 - -2 - -50) + (-18 - -6).
15
What is -1950 + 1958 - (1 + -2 + -37)?
46
(-280 - -365) + -6 + -90
-11
Evaluate -11 + (15 - (50 - -1)) + -16.
-63
-22 - (-15 - -1 - (45 - 42))
-5
50 + 70 - (6 + 6 + -7) - (-11 - -4)
122
What is the value of 18 + (-27 + 51 - 35) - (0 - -11)?
-4
(10 - 45 - 1) + (6 + -10 - 1 - -5)
-36
What is -64 + -1 + (-20 - (9 + -16)) + 3 - 0?
-75
(3 - 2 - -42) + -203 + 195 - 6
29
-96 + 56 + -89 - -88
-41
What is the value of -9 + (1 - (0 - 5)) + (-304 - -423 - 167)?
-51
Calculate (-26 - (-29 - -5)) + -5.
-7
What is the value of -9 - -1 - (-1 + 19 + -47 + 29)?
-8
What is the value of 34 - (42 + -12 + (-1 - -24))?
-19
What is the value of 9 + 19 + (-8 - -1) + -24 + 20?
17
What is 21 + (0 + 36 - (4 + 15))?
38
What is (100 - (-94 + 249)) + 34?
-21
What is the value of 47 - (35 + (90 - 15))?
-63
What is the value of 8 + (-2 - (1 - (1 + -18 + 6))) + -45?
-51
What is -28 - (-9 + 26 - 102)?
57
Calculate -18 - (13 - (35 + -7)).
-3
(-73 + 59 - (0 - 7)) + -13 + -42 - -13
-49
46 + (-76 - -45) + 18
33
Evaluate (-31 - (-1 + -30) - (19 - 16)) + -3 + 1.
-5
(-7 - ((-11 - 4) + 17 - 3)) + -64
-70
Calculate 2 + (24 - -6 - 20) + 0 + -6 - -7.
13
Calculate 69 + (-112 - -109) + -7.
59
Evaluate 7 + -19 + (13 - 3) - -13 - -10 - 1.
20
Calculate 44 - (27 - (-45 - -44)).
16
(-1 - (0 + 0)) + (-631 - -627) - (11 + 3)
-19
What is (-2 - -14) + (6 - (10 + (0 - -2))) + -51?
-45
(-4 - (59 + 33)) + 181
85
-1 - -2 - ((-34 - (0 + -6)) + (-12 - -7))
34
(-19 - (26 - 67)) + -42
-20
Evaluate -21 + 69 + -43 + 55.
60
What is 17 + 16 + -26 - 54 - 10?
-57
2 + 1 + -9 + -2 + 3670 + -3546
116
Evaluate -136 + (80 + 44 - -84).
72
What is 42 + 18 - (124 - 33)?
-31
What is 5 - 73 - (-1 + -19 + 4 + 27)?
-79
What is the value of (4 - -3) + (-17 - (40 - 32))?
-18
Evaluate -92 + (-67 + 201 - 35).
7
What is the value of -34 + 14 + -26 + (-7 - (6 + -28 + 9))?
-40
189 + -257 + (-1 - -12) + 7
-50
What is the value of (33 - 19 - (-163 + 48)) + -24?
105
(371 - 354) + -3 + 3 + 12
29
What is the value of 0 + 9 + -7 + (9 + -4 - -2) + -1?
8
What is the value of 44 + (81 - 78 - ((-1 - -2) + -2))?
48
-122 + (6 - (25 - 7) - -12) - -5
-117
What is the value of 0 - (21 + (2 - (-10 - -21)))?
-12
What is -8 - -7 - -11 - (13 + (9 - -104) - 10)?
-106
0 + -118 + 17 + -17 + -2 + -4
-124
Evaluate 90 + -40 - 5 - -1.
46
Calculate -15 + (3 - (-8 - -15 - -19)).
-38
What is -6 + (1 - 45) + (5 - -1) + -2 + 4?
-42
What is the value of -73 - (40 - 110) - (-1 + 0)?
-2
Calculate -291 - -325 - (-6 + 5).
35
What is the value of 76 + -31 + -32 + 21?
34
What is the value of 1 + (-8 - 34 - ((-15 - -8) + 1))?
-35
10 - 2 - -2 - (15 + -12 - -5 - 44)
46
(1 - -27) + (581 - 582) + -71
-44
What is -19 - (114 + -70 - 9)?
-54
24 + 24 - -17 - 47 - (0 + 4)
14
What is the value of (-22 - (-20 - -5)) + -23 + -36?
-66
What is (-11 - -21) + -22 - (1 + -28)?
15
Calculate 16 + 91 + -92 - (-4 + 50 + 0).
-31
What is -54 + -10 + 17 + 15 + (-2 - 2)?
-36
Evaluate (7 - (31 + -35)) + (-61 + 17 - (-1 - 1)).
-31
165 + -91 + (87 - 103)
58
4 + -4 + -97 + 213 + -105 + -101
-90
What is (-34 - 2) + (-6 - (-3 - -1 - (0 + 2)))?
-38
Evaluate 140 + 75 + (-4 - 253).
-42
-34 + (41 - (-4 + -10 - -17 - -18))
-14
Evaluate (8 + (-11 - (11 - 9)) - -2 - -75) + 9.
81
What is the value of -26 + (-40 - -167 - 8)?
93
What is the value of -18 - (-11 - (-14 + -5) - 0 - -4 - 22)?
-8
What is the value of -9 - (-8 + (7 - 2)) - (55 + (17 - 23))?
-55
What is the value of (-110 + 112 - -24) + 109 - (-1 + 2 - -1)?
133
-149 + 163 - (4 - (0 - -6))
16
What is 83 - ((12 - -56) + 17)?
-2
1 - 7 - (19 + -73)
48
What is -189 + 2 - (11399 + -11477)?
-109
What is the value of 21 + (33 - 29) + (-9 + 2 + -1 - -5)?
22
Evaluate -26 + 13 + -13 + -23 + 24.
-25
What is (90 - (40 - 9)) + -62?
-3
Calculate (1 - -7) + 5 + (18 - 5 - 5).
21
What is -45 + (-5 - (-1 + (-6 - -8) - 2))?
-49
Evaluate 114 - (-161 - (-182 - -45)).
138
Calculate (1 + -1 - (-4 + -4 + 7)) + -871 + 826.
-44
What is -8 - -31 - (-6 - (-2 - 73))?
-46
Calculate 26 + -1 - (-26 - (-2 - 17)).
32
-80 + 26 - (-73 - -34)
-15
What is the value of 16 - (3 + -23 - -15) - 35?
-14
-41 + (139 - 49) + -22
27
3 + -13 - -5 - (-876 - -789)
82
6 + (-5 - -18 - -2)
21
Calculate -7 + 14 - (-5 + (12 - 19